y p.
10
Suppose -2*t = -3*t + 24. Suppose -8*f + 3*f + 5 = 4*h, 0 = 2*f + 5*h + 15. Calculate the remainder when (f/10)/(1/92) is divided by t.
22
Let u(o) = -o**2 + 2. Let j(z) = 4*z**2 - z - 5. Let t(x) = 3*j(x) + 8*u(x). What is the remainder when t(1) is divided by 1?
0
Suppose 0 = 17*o - 14*o + 6. What is the remainder when 8 is divided by (o/(7 - 5))/((-1)/3)?
2
Suppose -3*i + 17 = j - 27, -4*i + 72 = 4*j. Calculate the remainder when 48 is divided by i.
9
Suppose 3*x = 2*q + 3*q - 78, -q + 3*x = -18. Calculate the remainder when 32 is divided by q.
2
Let t(h) = -309*h**3 - 3*h**2 + 36*h + 38. What is the remainder when t(-1) is divided by 31?
29
Suppose 3*c = -3*u + 8*c + 31, -3*u - 4*c = 14. Suppose 0 = u*v - v - 10. Suppose -4*g + v = -14. Calculate the remainder when 28 is divided by g.
4
Let k = 8 - -53. Calculate the remainder when k is divided by 7.
5
Let n(y) be the first derivative of -y**4/4 - 4*y**3 - 3*y**2/2 - 14*y + 38. Calculate the remainder when 41 is divided by n(-12).
19
Calculate the remainder when 77 is divided by (-4)/32 + 195/24.
5
Let p = 336 - 205. Calculate the remainder when p is divided by 44.
43
Suppose 2*d + 2*d = -60. Let p = d + 18. Suppose 5*x + 2*a - 153 = 0, -p*x - 32 + 129 = -4*a. What is the remainder when x is divided by 11?
9
Suppose -10*r = -9*r + 7. Let i be 108/r - 3/(-7). Let b = i + 32. Calculate the remainder when 31 is divided by b.
14
Let u be (-2)/(4 - (-870)/(-219)). Suppose h + 63 - 177 = 5*s, 4*h + 3*s = 364. What is the remainder when h is divided by u/(-3) - (-2)/(-6)?
22
Suppose -2*w = -4*z + 5 - 31, -4*w - z = -25. Let g = -4 + 3. What is the remainder when (-3 - g)/(2/(-19)) is divided by w?
5
Let d = 2123 - 2087. Let x = -28 + 134. What is the remainder when x is divided by d?
34
Let v(c) = -3*c**3 + 2*c**2 - c. What is the remainder when 541 is divided by v(-2)?
31
Let h(u) = 11*u**2 - 68*u - 41. What is the remainder when h(11) is divided by 23?
13
Let r be 2 - (-45)/12 - (-1)/4. Let q(c) = -2*c**2 + 24*c - 15. What is the remainder when q(r) is divided by 16?
9
Let z(l) = -10*l**3 + l + 1. Let p be z(-1). What is the remainder when 18 is divided by (-8 + 5)/((-3)/p)?
8
Let f(j) = -44*j. Let m be (-1)/((21/(-9))/(-7)). Calculate the remainder when f(-1) is divided by -3*(m - (3 - 3)).
8
Let a = -1 - -76. Let j be (-80)/12*(-18)/(-4). Let k = j - -49. Calculate the remainder when a is divided by k.
18
Let h = -121 - 39. Let r = -71 - h. Let o(n) = -n**3 + 7*n**2 + 3*n + 9. What is the remainder when r is divided by o(7)?
29
Calculate the remainder when 1546/14 + 1/(42/24) is divided by 24.
15
Let r(z) = 2*z**2 + 17*z + 9. Calculate the remainder when 4 is divided by r(-8).
0
Suppose 5*g = 3 + 7. Suppose g*a - 11*a + 72 = 0. What is the remainder when a is divided by 3?
2
Suppose -2*i = i - 36. Let p(r) = -r**2 - r + 46. Let m be p(0). Suppose 2*v = -5*q + 70, -q + m - 221 = -5*v. What is the remainder when v is divided by i?
11
Let z(n) = -25*n + 233. Calculate the remainder when 36 is divided by z(8).
3
Suppose -3*j + 139 = 4*o, -20*j - 5*o + 230 = -15*j. Calculate the remainder when 220 is divided by j.
40
Suppose 4*f - w = -3*w + 20, 0 = -4*f + w + 20. Suppose -f*h + h = -16. Suppose 0 = -5*n - j - j + 89, 2*j = h. What is the remainder when 83 is divided by n?
15
Suppose -i + 90 = -7*i. Let z = -1 - i. What is the remainder when 38 is divided by z?
10
Suppose 0 = 9*w - 15 - 120. Let z(p) = -23*p**3 - p**2 + 1. Calculate the remainder when z(-1) is divided by w.
8
Let k = 1026 - 1012. Calculate the remainder when 499 is divided by k.
9
Let h(i) = 2*i**2 + 4. Suppose 6 = 4*j - 3*j. Suppose b = j - 2. Calculate the remainder when h(b) is divided by 13.
10
Let d be -1*8*(-12 + 4). Suppose d = 5*u - 3*i, 23 + 15 = 2*u + 5*i. Let o(s) = s**3 - 5*s**2 + 5*s. Calculate the remainder when u is divided by o(4).
2
Let a be (2 + -1 + -4)*-1. Suppose -4*w + 0*w + a*k = -135, -3*k - 3 = 0. What is the remainder when w is divided by 6?
3
Suppose -5*f = -g + 64, 3*f = 3*g + 284 - 512. Calculate the remainder when 404 is divided by g.
9
Let v be (3/(-9))/(250/249 - 1). Let y = 122 + v. Calculate the remainder when 75 is divided by y.
36
Suppose -5*u + 0*w + 20 = w, -10 = 2*w. Suppose -4*t = 8, -887 = -3*m - u*t - 312. What is the remainder when m is divided by 49?
48
Let o be 4 - (2 + -1 + -3). Suppose 0 = 5*z + o - 21. What is the remainder when z is divided by 3?
0
Let p(g) be the third derivative of g**5/60 + g**4/6 - 11*g**3/6 - 32*g**2. What is the remainder when p(4) is divided by 6?
3
Suppose 5*l + 50 = 5*p, -2*p = -18*l + 20*l - 28. What is the remainder when 92 is divided by p?
8
Suppose -w = -32*q + 34*q - 8, w - 4 = -3*q. Calculate the remainder when 253 is divided by w.
13
What is the remainder when 69 is divided by 5 + (-3)/(-15) + (-3)/15?
4
Let r be ((-2)/3)/((-12)/108). Suppose -5*i - r = -16. Calculate the remainder when 3 is divided by i.
1
Calculate the remainder when (-354)/(-6) - (2 - (1 + 0)) is divided by 24.
10
What is the remainder when (-168)/28 - (-32 - -1) is divided by 6?
1
Let d = 36 + -31. Let j = 0 + -4. Let z = j + d. What is the remainder when z is divided by 1?
0
Let o = -33 - -47. Let j = 56 - -99. Suppose m + b - 208 = -4*m, -3*b = -4*m + j. Calculate the remainder when m is divided by o.
13
Suppose 0 = 730*s - 744*s + 770. Suppose -4*t + 170 = -702. What is the remainder when t is divided by s?
53
Let z be 7/((-28)/(-16))*3. Let a = z + 3. Calculate the remainder when a is divided by 8.
7
Let b(z) = 28*z - 2. What is the remainder when b(8) is divided by 14?
12
Suppose -14*a - 488 = -18*a. Let s(w) = -22*w - 3. Calculate the remainder when a is divided by s(-2).
40
Let w be (1 - 428)*8/(-28). Let q = w - 24. What is the remainder when q is divided by 25?
23
Suppose -z + 12 = -32. What is the remainder when 120 is divided by z?
32
Let d be (-11)/((-11)/(-54)) + -1*2. Let p = -39 - d. What is the remainder when 51 - ((-2)/(-1) - 1) is divided by p?
16
Suppose 2*g = 7*g - 40. Let d = 13 + g. Suppose 5*u = 4*u + d. What is the remainder when u is divided by 11?
10
Let r = 23 - -3. Suppose -30*w + 15*w + 225 = 0. What is the remainder when r is divided by w?
11
Suppose 8*d = 11*d - 3. Let n(m) = -54*m + d + 51*m - 8. What is the remainder when n(-8) is divided by 6?
5
Let g be -1 - -1 - (-2 - 2). Let q(h) be the first derivative of 23*h**2/2 - 3*h - 123. Calculate the remainder when q(g) is divided by 30.
29
Suppose -3*g + 74 = 2*d, 0*d - 128 = -5*g - d. Let y = g + 7. Calculate the remainder when y is divided by 9.
6
Let t be ((-4)/10)/(3/(-270)). Let p = 80 - t. Suppose -d + 5*g + 125 = 4*d, p = 2*d - 5*g. What is the remainder when d is divided by 10?
7
Let h(p) = 38*p - 1. Let n(f) = 6*f + 43. Let j be n(-7). What is the remainder when h(j) is divided by 10?
7
Let x(y) = y**3 - 18*y**2 - y + 36. What is the remainder when 31 is divided by x(18)?
13
Suppose -8 = -o - 4. Suppose -a - o*b + 3 = -15, -b = a - 12. Let u = 11 + a. Calculate the remainder when u is divided by 12.
9
Suppose 25*h - 672 = 4*h. What is the remainder when 383 is divided by h?
31
What is the remainder when 2319/15 - (4/(-10) - 0) is divided by 18?
11
Let b = -1025 - -1300. Calculate the remainder when b is divided by 24.
11
Suppose 517*g - 34 = 515*g. Calculate the remainder when 19 is divided by g.
2
Let h = -25 - -27. Let w(z) be the third derivative of z**6/40 - z**5/60 - z**3/3 + 3*z**2. What is the remainder when w(h) is divided by 7?
4
Let h(p) = p**2 - 5*p + 16. Calculate the remainder when 45 is divided by h(4).
9
Suppose -3*u + 130 = 5*c, -38 = -2*u + c + 27. Let b = -6 + 10. Suppose -3*n + 2*d = -26 - 0, -b*n - 2*d = -58. Calculate the remainder when u is divided by n.
11
What is the remainder when ((-2)/(-3) + 0)*80031/259 is divided by 14?
10
Let r be (0 - (-1 + 11))/(-2). Suppose 2*u - 4 = 2*p, -5*u - r*p = -p - 37. Calculate the remainder when 3/(-2)*(-55)/((-550)/(-120)) is divided by u.
3
Let b(l) = 12*l + 3. Let w be b(1). Calculate the remainder when 15/9*w - (2 + 1) is divided by 12.
10
Let c = -504 - -352. Let f = -99 - c. Let u = f - 23. What is the remainder when u is divided by 11?
8
Let b = 15225 - 15176. Suppose i - m - 16 = 0, -76 + 22 = -4*i + 2*m. Calcul